{"id":127,"date":"2023-07-28T17:38:55","date_gmt":"2023-07-28T20:38:55","guid":{"rendered":"https:\/\/ead.siteninjapro.com\/?page_id=127"},"modified":"2025-03-15T11:32:51","modified_gmt":"2025-03-15T14:32:51","slug":"contato","status":"publish","type":"page","link":"https:\/\/cursos.sendaanalitica.com.br\/new\/contato\/","title":{"rendered":"Contato"},"content":{"rendered":"\t\t<div data-elementor-type=\"wp-page\" data-elementor-id=\"127\" class=\"elementor elementor-127\" data-elementor-post-type=\"page\">\n\t\t\t\t<div class=\"elementor-element elementor-element-a239b92 e-flex e-con-boxed e-con e-parent\" data-id=\"a239b92\" data-element_type=\"container\" data-settings=\"{&quot;background_background&quot;:&quot;classic&quot;}\">\n\t\t\t\t\t<div class=\"e-con-inner\">\n\t\t<div class=\"elementor-element elementor-element-3a08366 e-con-full e-flex e-con e-child\" data-id=\"3a08366\" data-element_type=\"container\">\n\t\t\t\t<div class=\"elementor-element elementor-element-8987942 elementor-widget elementor-widget-heading\" data-id=\"8987942\" data-element_type=\"widget\" data-widget_type=\"heading.default\">\n\t\t\t\t<div class=\"elementor-widget-container\">\n\t\t\t\t\t<h2 class=\"elementor-heading-title elementor-size-default\">Formul\u00e1rio de contato<\/h2>\t\t\t\t<\/div>\n\t\t\t\t<\/div>\n\t\t\t\t<div class=\"elementor-element elementor-element-538b2dc elementor-widget-divider--view-line elementor-widget elementor-widget-divider\" data-id=\"538b2dc\" data-element_type=\"widget\" data-widget_type=\"divider.default\">\n\t\t\t\t<div class=\"elementor-widget-container\">\n\t\t\t\t\t\t\t<div class=\"elementor-divider\">\n\t\t\t<span class=\"elementor-divider-separator\">\n\t\t\t\t\t\t<\/span>\n\t\t<\/div>\n\t\t\t\t\t\t<\/div>\n\t\t\t\t<\/div>\n\t\t\t\t<div class=\"elementor-element elementor-element-ca840c2 elementor-button-align-stretch elementor-widget elementor-widget-form\" data-id=\"ca840c2\" data-element_type=\"widget\" data-settings=\"{&quot;step_next_label&quot;:&quot;Pr\\u00f3ximo&quot;,&quot;step_previous_label&quot;:&quot;Anterior&quot;,&quot;button_width&quot;:&quot;100&quot;,&quot;step_type&quot;:&quot;number_text&quot;,&quot;step_icon_shape&quot;:&quot;circle&quot;}\" data-widget_type=\"form.default\">\n\t\t\t\t<div class=\"elementor-widget-container\">\n\t\t\t\t\t\t\t<form class=\"elementor-form\" method=\"post\" name=\"Formul\u00e1rio de contato\">\n\t\t\t<input type=\"hidden\" name=\"post_id\" value=\"127\"\/>\n\t\t\t<input type=\"hidden\" name=\"form_id\" value=\"ca840c2\"\/>\n\t\t\t<input type=\"hidden\" name=\"referer_title\" value=\"\" \/>\n\n\t\t\t\n\t\t\t<div class=\"elementor-form-fields-wrapper elementor-labels-\">\n\t\t\t\t\t\t\t\t<div class=\"elementor-field-type-text elementor-field-group elementor-column elementor-field-group-name elementor-col-100\">\n\t\t\t\t\t\t\t\t\t\t\t\t<label for=\"form-field-name\" class=\"elementor-field-label elementor-screen-only\">\n\t\t\t\t\t\t\t\tNome\t\t\t\t\t\t\t<\/label>\n\t\t\t\t\t\t\t\t\t\t\t\t\t\t<input size=\"1\" type=\"text\" name=\"form_fields[name]\" id=\"form-field-name\" class=\"elementor-field elementor-size-md  elementor-field-textual\" placeholder=\"Nome\">\n\t\t\t\t\t\t\t\t\t\t\t<\/div>\n\t\t\t\t\t\t\t\t<div class=\"elementor-field-type-email elementor-field-group elementor-column elementor-field-group-email elementor-col-100 elementor-field-required\">\n\t\t\t\t\t\t\t\t\t\t\t\t<label for=\"form-field-email\" class=\"elementor-field-label elementor-screen-only\">\n\t\t\t\t\t\t\t\tE-mail\t\t\t\t\t\t\t<\/label>\n\t\t\t\t\t\t\t\t\t\t\t\t\t\t<input size=\"1\" type=\"email\" name=\"form_fields[email]\" id=\"form-field-email\" class=\"elementor-field elementor-size-md  elementor-field-textual\" placeholder=\"E-mail\" required=\"required\">\n\t\t\t\t\t\t\t\t\t\t\t<\/div>\n\t\t\t\t\t\t\t\t<div class=\"elementor-field-type-text elementor-field-group elementor-column elementor-field-group-field_fa79624 elementor-col-100\">\n\t\t\t\t\t\t\t\t\t\t\t\t<label for=\"form-field-field_fa79624\" class=\"elementor-field-label elementor-screen-only\">\n\t\t\t\t\t\t\t\tWhatsapp\t\t\t\t\t\t\t<\/label>\n\t\t\t\t\t\t\t\t\t\t\t\t\t\t<input size=\"1\" type=\"text\" name=\"form_fields[field_fa79624]\" id=\"form-field-field_fa79624\" class=\"elementor-field elementor-size-md  elementor-field-textual\" placeholder=\"Whatsapp\">\n\t\t\t\t\t\t\t\t\t\t\t<\/div>\n\t\t\t\t\t\t\t\t<div class=\"elementor-field-type-textarea elementor-field-group elementor-column elementor-field-group-message elementor-col-100\">\n\t\t\t\t\t\t\t\t\t\t\t\t<label for=\"form-field-message\" class=\"elementor-field-label elementor-screen-only\">\n\t\t\t\t\t\t\t\tMensagem\t\t\t\t\t\t\t<\/label>\n\t\t\t\t\t\t<textarea class=\"elementor-field-textual elementor-field  elementor-size-md\" name=\"form_fields[message]\" id=\"form-field-message\" rows=\"4\" placeholder=\"Mensagem\"><\/textarea>\t\t\t\t<\/div>\n\t\t\t\t\t\t\t\t<div class=\"elementor-field-group elementor-column elementor-field-type-submit elementor-col-100 e-form__buttons\">\n\t\t\t\t\t<button class=\"elementor-button elementor-size-md\" type=\"submit\">\n\t\t\t\t\t\t<span class=\"elementor-button-content-wrapper\">\n\t\t\t\t\t\t\t\t\t\t\t\t\t\t\t\t\t\t\t\t\t\t<span class=\"elementor-button-text\">Enviar<\/span>\n\t\t\t\t\t\t\t\t\t\t\t\t\t<\/span>\n\t\t\t\t\t<\/button>\n\t\t\t\t<\/div>\n\t\t\t<\/div>\n\t\t<\/form>\n\t\t\t\t\t\t<\/div>\n\t\t\t\t<\/div>\n\t\t\t\t<div class=\"elementor-element elementor-element-297d376 elementor-icon-list--layout-traditional elementor-list-item-link-full_width elementor-widget elementor-widget-icon-list\" data-id=\"297d376\" data-element_type=\"widget\" data-widget_type=\"icon-list.default\">\n\t\t\t\t<div class=\"elementor-widget-container\">\n\t\t\t\t\t\t\t<ul class=\"elementor-icon-list-items\">\n\t\t\t\t\t\t\t<li class=\"elementor-icon-list-item\">\n\t\t\t\t\t\t\t\t\t\t\t<span class=\"elementor-icon-list-icon\">\n\t\t\t\t\t\t\t<svg xmlns=\"http:\/\/www.w3.org\/2000\/svg\" width=\"20\" height=\"19\" viewBox=\"0 0 20 19\" fill=\"none\"><g clip-path=\"url(#clip0_21_355)\"><path d=\"M18.422 15.883L18.951 16.415L18.421 15.883H18.422ZM5.81599 13.727L6.34399 13.195L5.81499 13.727H5.81599ZM1.68999 3.13496L1.16199 2.60396L1.69099 3.13596L1.68999 3.13496ZM13.628 12.891L14.085 12.438L13.026 11.374L12.572 11.827L13.628 12.891ZM15.614 12.248L17.525 13.287L18.24 11.969L16.33 10.931L15.614 12.248ZM17.892 15.351L16.472 16.764L17.529 17.827L18.949 16.415L17.892 15.351ZM15.606 17.218C14.156 17.354 10.406 17.233 6.34399 13.195L5.28599 14.258C9.71799 18.665 13.937 18.881 15.746 18.712L15.605 17.218H15.606ZM6.34399 13.195C2.47299 9.34496 1.83099 6.10796 1.75099 4.70296L0.25299 4.78796C0.35299 6.55596 1.14799 10.144 5.28599 14.258L6.34399 13.195ZM7.71899 7.01496L8.00599 6.72896L6.94999 5.66596L6.66299 5.95096L7.71999 7.01396L7.71899 7.01496ZM8.23399 3.09396L6.97399 1.40996L5.77299 2.30996L7.03299 3.99296L8.23399 3.09396ZM2.73299 1.04296L1.16299 2.60296L2.22099 3.66696L3.78999 2.10696L2.73299 1.04296ZM7.19099 6.48296C6.66099 5.95096 6.66099 5.95096 6.66099 5.95296H6.65899L6.65599 5.95696C6.60878 6.00515 6.56625 6.05772 6.52899 6.11396C6.47499 6.19396 6.41599 6.29896 6.36599 6.43196C6.24422 6.77528 6.21389 7.14437 6.27799 7.50296C6.41199 8.36796 7.00799 9.51096 8.53399 11.029L9.59199 9.96496C8.16299 8.54496 7.82299 7.68096 7.75999 7.27296C7.72999 7.07896 7.76099 6.98296 7.76999 6.96096C7.77499 6.94696 7.77699 6.94596 7.76999 6.95496C7.76117 6.96883 7.75113 6.98188 7.73999 6.99396L7.72999 7.00396C7.72676 7.00707 7.72342 7.01007 7.71999 7.01296L7.18999 6.48296H7.19099ZM8.53399 11.029C10.061 12.547 11.21 13.139 12.076 13.271C12.519 13.339 12.876 13.285 13.147 13.184C13.2985 13.1279 13.4403 13.0482 13.567 12.948C13.5842 12.9336 13.6009 12.9186 13.617 12.903L13.624 12.897L13.627 12.894L13.628 12.892C13.628 12.892 13.629 12.891 13.1 12.359C12.57 11.827 12.573 11.826 12.573 11.826L12.575 11.824L12.577 11.822L12.583 11.817L12.593 11.807C12.605 11.7962 12.6177 11.7861 12.631 11.777C12.641 11.77 12.638 11.773 12.624 11.779C12.599 11.788 12.501 11.819 12.304 11.789C11.89 11.725 11.02 11.385 9.59199 9.96496L8.53399 11.029ZM6.97399 1.40896C5.95399 0.0489599 3.94999 -0.16704 2.73299 1.04296L3.78999 2.10696C4.32199 1.57796 5.26599 1.63296 5.77299 2.30996L6.97299 1.40896H6.97399ZM1.75199 4.70396C1.73199 4.35796 1.89099 3.99596 2.22099 3.66796L1.16199 2.60396C0.62499 3.13796 0.20199 3.89396 0.25299 4.78796L1.75199 4.70396ZM16.472 16.764C16.198 17.038 15.902 17.192 15.607 17.219L15.746 18.712C16.481 18.643 17.082 18.273 17.53 17.828L16.472 16.764ZM8.00599 6.72896C8.99099 5.74996 9.06399 4.20296 8.23499 3.09496L7.03399 3.99396C7.43699 4.53296 7.37699 5.23996 6.94899 5.66696L8.00599 6.72896ZM17.526 13.288C18.343 13.732 18.47 14.778 17.893 15.352L18.951 16.415C20.291 15.082 19.878 12.859 18.241 11.97L17.526 13.288ZM14.085 12.439C14.469 12.057 15.087 11.963 15.615 12.249L16.331 10.932C15.247 10.342 13.903 10.505 13.027 11.375L14.085 12.439Z\" fill=\"#0CD03E\"><\/path><\/g><defs><clipPath id=\"clip0_21_355\"><rect width=\"20\" height=\"19\" fill=\"white\"><\/rect><\/clipPath><\/defs><\/svg>\t\t\t\t\t\t<\/span>\n\t\t\t\t\t\t\t\t\t\t<span class=\"elementor-icon-list-text\">(11) 5555-5555<\/span>\n\t\t\t\t\t\t\t\t\t<\/li>\n\t\t\t\t\t\t\t\t<li class=\"elementor-icon-list-item\">\n\t\t\t\t\t\t\t\t\t\t\t<span class=\"elementor-icon-list-icon\">\n\t\t\t\t\t\t\t<svg xmlns=\"http:\/\/www.w3.org\/2000\/svg\" width=\"20\" height=\"20\" viewBox=\"0 0 20 20\" fill=\"none\"><g clip-path=\"url(#clip0_21_357)\"><path d=\"M17.05 2.91006C16.1332 1.98399 15.0412 1.24973 13.8376 0.750111C12.6341 0.250494 11.3431 -0.00448012 10.04 5.95696e-05C4.57999 5.95696e-05 0.129988 4.45006 0.129988 9.91006C0.129988 11.59 0.553911 13.2239 1.34867 14.679C1.41233 14.7956 1.43037 14.9321 1.39548 15.0602L0.277412 19.1651C0.176298 19.5363 0.51483 19.8779 0.886948 19.7801L5.10799 18.6705C5.23131 18.6381 5.3621 18.6545 5.47526 18.7133C6.88075 19.4431 8.44655 19.8301 10.04 19.8301C15.5 19.8301 19.95 15.3801 19.95 9.92006C19.95 7.27006 18.92 4.78006 17.05 2.91006ZM10.04 18.1501C8.55999 18.1501 7.10999 17.7501 5.83999 17.0001L5.72061 16.9284C5.60511 16.8591 5.46654 16.8394 5.33627 16.8736L3.25751 17.4199C2.88526 17.5178 2.5467 17.176 2.64807 16.8047L3.19122 14.8153C3.22862 14.6783 3.20601 14.5319 3.12902 14.4126L3.04999 14.2901C2.22773 12.977 1.79113 11.4593 1.78999 9.91006C1.78999 5.37006 5.48999 1.67006 10.03 1.67006C12.23 1.67006 14.3 2.53006 15.85 4.09006C16.6175 4.85402 17.2257 5.76272 17.6394 6.76348C18.0531 7.76425 18.264 8.83717 18.26 9.92006C18.28 14.4601 14.58 18.1501 10.04 18.1501ZM14.56 11.9901C14.31 11.8701 13.09 11.2701 12.87 11.1801C12.64 11.1001 12.48 11.0601 12.31 11.3001C12.14 11.5501 11.67 12.1101 11.53 12.2701C11.39 12.4401 11.24 12.4601 10.99 12.3301C10.74 12.2101 9.93999 11.9401 8.99999 11.1001C8.25999 10.4401 7.76999 9.63006 7.61999 9.38006C7.47999 9.13006 7.59999 9.00006 7.72999 8.87006C7.83999 8.76006 7.97999 8.58006 8.09999 8.44006C8.21999 8.30006 8.26999 8.19006 8.34999 8.03006C8.42999 7.86006 8.38999 7.72006 8.32999 7.60006C8.26999 7.48006 7.76999 6.26006 7.56999 5.76006C7.36999 5.28006 7.15999 5.34006 7.00999 5.33006H6.52999C6.35999 5.33006 6.09999 5.39006 5.86999 5.64006C5.64999 5.89006 5.00999 6.49006 5.00999 7.71006C5.00999 8.93006 5.89999 10.1101 6.01999 10.2701C6.13999 10.4401 7.76999 12.9401 10.25 14.0101C10.84 14.2701 11.3 14.4201 11.66 14.5301C12.25 14.7201 12.79 14.6901 13.22 14.6301C13.7 14.5601 14.69 14.0301 14.89 13.4501C15.1 12.8701 15.1 12.3801 15.03 12.2701C14.96 12.1601 14.81 12.1101 14.56 11.9901Z\" fill=\"#0CD03E\"><\/path><\/g><defs><clipPath id=\"clip0_21_357\"><rect width=\"20\" height=\"20\" fill=\"white\"><\/rect><\/clipPath><\/defs><\/svg>\t\t\t\t\t\t<\/span>\n\t\t\t\t\t\t\t\t\t\t<span class=\"elementor-icon-list-text\">(11) 99999-9999<\/span>\n\t\t\t\t\t\t\t\t\t<\/li>\n\t\t\t\t\t\t\t\t<li class=\"elementor-icon-list-item\">\n\t\t\t\t\t\t\t\t\t\t\t<span class=\"elementor-icon-list-icon\">\n\t\t\t\t\t\t\t<svg xmlns=\"http:\/\/www.w3.org\/2000\/svg\" width=\"20\" height=\"16\" viewBox=\"0 0 20 16\" fill=\"none\"><g clip-path=\"url(#clip0_21_359)\"><path d=\"M2 16C1.45 16 0.979002 15.804 0.587002 15.412C0.195002 15.02 -0.000664969 14.5493 1.69779e-06 14V2C1.69779e-06 1.45 0.196002 0.979002 0.588002 0.587002C0.980002 0.195002 1.45067 -0.000664969 2 1.69779e-06H18C18.55 1.69779e-06 19.021 0.196001 19.413 0.588001C19.805 0.980001 20.0007 1.45067 20 2V14C20 14.55 19.804 15.021 19.412 15.413C19.02 15.805 18.5493 16.0007 18 16H2ZM10 9C8.5 9 2 4 2 4V14H18V4C18 4 11.5 9 10 9ZM10 7C11 7 18 2 18 2H2C2 2 9 7 10 7ZM2 4V2V14V4Z\" fill=\"#0CD03E\"><\/path><\/g><defs><clipPath id=\"clip0_21_359\"><rect width=\"20\" height=\"16\" fill=\"white\"><\/rect><\/clipPath><\/defs><\/svg>\t\t\t\t\t\t<\/span>\n\t\t\t\t\t\t\t\t\t\t<span class=\"elementor-icon-list-text\">contato@ninjaead.com<\/span>\n\t\t\t\t\t\t\t\t\t<\/li>\n\t\t\t\t\t\t\t\t<li class=\"elementor-icon-list-item\">\n\t\t\t\t\t\t\t\t\t\t\t<span class=\"elementor-icon-list-icon\">\n\t\t\t\t\t\t\t<svg xmlns=\"http:\/\/www.w3.org\/2000\/svg\" width=\"20\" height=\"20\" viewBox=\"0 0 20 20\" fill=\"none\"><g clip-path=\"url(#clip0_21_361)\"><path d=\"M10 18C12.1217 18 14.1566 17.1571 15.6569 15.6569C17.1571 14.1566 18 12.1217 18 10C18 7.87827 17.1571 5.84344 15.6569 4.34315C14.1566 2.84285 12.1217 2 10 2C7.87827 2 5.84344 2.84285 4.34315 4.34315C2.84285 5.84344 2 7.87827 2 10C2 12.1217 2.84285 14.1566 4.34315 15.6569C5.84344 17.1571 7.87827 18 10 18ZM10 0C11.3132 0 12.6136 0.258658 13.8268 0.761205C15.0401 1.26375 16.1425 2.00035 17.0711 2.92893C17.9997 3.85752 18.7362 4.95991 19.2388 6.17317C19.7413 7.38642 20 8.68678 20 10C20 12.6522 18.9464 15.1957 17.0711 17.0711C15.1957 18.9464 12.6522 20 10 20C4.47 20 0 15.5 0 10C0 7.34784 1.05357 4.8043 2.92893 2.92893C4.8043 1.05357 7.34784 0 10 0ZM10 5C10.2761 5 10.5 5.22386 10.5 5.5V9.96528C10.5 10.1418 10.5931 10.3052 10.7449 10.3953L14.5648 12.6618C14.8043 12.8039 14.8815 13.1143 14.7365 13.3521L14.5085 13.7261C14.3654 13.9607 14.0599 14.0359 13.8243 13.8946L9.24275 11.1457C9.09215 11.0553 9 10.8925 9 10.7169V5.5C9 5.22386 9.22386 5 9.5 5H10Z\" fill=\"#0CD03E\"><\/path><\/g><defs><clipPath id=\"clip0_21_361\"><rect width=\"20\" height=\"20\" fill=\"white\"><\/rect><\/clipPath><\/defs><\/svg>\t\t\t\t\t\t<\/span>\n\t\t\t\t\t\t\t\t\t\t<span class=\"elementor-icon-list-text\">Aten. Seg \u00e0 Sext 09:00 \u00e0s 18:00<\/span>\n\t\t\t\t\t\t\t\t\t<\/li>\n\t\t\t\t\t\t<\/ul>\n\t\t\t\t\t\t<\/div>\n\t\t\t\t<\/div>\n\t\t\t\t<\/div>\n\t\t<div class=\"elementor-element elementor-element-5d99437 e-con-full e-flex e-con e-child\" data-id=\"5d99437\" data-element_type=\"container\">\n\t\t\t\t<div class=\"elementor-element elementor-element-acb1ebb elementor-widget elementor-widget-heading\" data-id=\"acb1ebb\" data-element_type=\"widget\" data-widget_type=\"heading.default\">\n\t\t\t\t<div class=\"elementor-widget-container\">\n\t\t\t\t\t<h2 class=\"elementor-heading-title elementor-size-default\">Localiza\u00e7\u00e3o<\/h2>\t\t\t\t<\/div>\n\t\t\t\t<\/div>\n\t\t\t\t<div class=\"elementor-element elementor-element-17565dc elementor-widget-divider--view-line elementor-widget elementor-widget-divider\" data-id=\"17565dc\" data-element_type=\"widget\" data-widget_type=\"divider.default\">\n\t\t\t\t<div class=\"elementor-widget-container\">\n\t\t\t\t\t\t\t<div class=\"elementor-divider\">\n\t\t\t<span class=\"elementor-divider-separator\">\n\t\t\t\t\t\t<\/span>\n\t\t<\/div>\n\t\t\t\t\t\t<\/div>\n\t\t\t\t<\/div>\n\t\t\t\t<div class=\"elementor-element elementor-element-d7dd2ad elementor-widget elementor-widget-google_maps\" data-id=\"d7dd2ad\" data-element_type=\"widget\" data-widget_type=\"google_maps.default\">\n\t\t\t\t<div class=\"elementor-widget-container\">\n\t\t\t\t\t\t\t<div class=\"elementor-custom-embed\">\n\t\t\t<iframe loading=\"lazy\"\n\t\t\t\t\tsrc=\"https:\/\/maps.google.com\/maps?q=Av.%20Paulista%20N%C2%B0%20900%20-%20S%C3%A3o%20Paulo&#038;t=m&#038;z=16&#038;output=embed&#038;iwloc=near\"\n\t\t\t\t\ttitle=\"Av. Paulista N\u00b0 900 - S\u00e3o Paulo\"\n\t\t\t\t\taria-label=\"Av. Paulista N\u00b0 900 - S\u00e3o Paulo\"\n\t\t\t><\/iframe>\n\t\t<\/div>\n\t\t\t\t\t\t<\/div>\n\t\t\t\t<\/div>\n\t\t\t\t<div class=\"elementor-element elementor-element-3712a7e elementor-icon-list--layout-traditional elementor-list-item-link-full_width elementor-widget elementor-widget-icon-list\" data-id=\"3712a7e\" data-element_type=\"widget\" data-widget_type=\"icon-list.default\">\n\t\t\t\t<div class=\"elementor-widget-container\">\n\t\t\t\t\t\t\t<ul class=\"elementor-icon-list-items\">\n\t\t\t\t\t\t\t<li class=\"elementor-icon-list-item\">\n\t\t\t\t\t\t\t\t\t\t\t<span class=\"elementor-icon-list-icon\">\n\t\t\t\t\t\t\t<svg xmlns=\"http:\/\/www.w3.org\/2000\/svg\" width=\"24\" height=\"24\" viewBox=\"0 0 24 24\" fill=\"none\"><path d=\"M21 3L14.5 21C14.4561 21.0957 14.3857 21.1769 14.2971 21.2338C14.2084 21.2906 14.1053 21.3209 14 21.3209C13.8947 21.3209 13.7916 21.2906 13.703 21.2338C13.6143 21.1769 13.5439 21.0957 13.5 21L10 14L3 10.5C2.90426 10.4561 2.82313 10.3857 2.76625 10.2971C2.70937 10.2084 2.67913 10.1053 2.67913 10C2.67913 9.89468 2.70937 9.79158 2.76625 9.70295C2.82313 9.61431 2.90426 9.54387 3 9.5L21 3Z\" stroke=\"#0CD03E\" stroke-width=\"2\" stroke-linecap=\"round\" stroke-linejoin=\"round\"><\/path><\/svg>\t\t\t\t\t\t<\/span>\n\t\t\t\t\t\t\t\t\t\t<span class=\"elementor-icon-list-text\">Av. Paulista n\u00b0 900 - S\u00e3o Paulo<\/span>\n\t\t\t\t\t\t\t\t\t<\/li>\n\t\t\t\t\t\t<\/ul>\n\t\t\t\t\t\t<\/div>\n\t\t\t\t<\/div>\n\t\t\t\t<\/div>\n\t\t\t\t\t<\/div>\n\t\t\t\t<\/div>\n\t\t\t\t<\/div>\n\t\t","protected":false},"excerpt":{"rendered":"<p>Formul\u00e1rio de contato (11) 5555-5555 (11) 99999-9999 contato@ninjaead.com Aten. Seg \u00e0 Sext 09:00 \u00e0s 18:00 Localiza\u00e7\u00e3o Av. Paulista<\/p>\n","protected":false},"author":21,"featured_media":0,"parent":0,"menu_order":0,"comment_status":"closed","ping_status":"closed","template":"elementor_header_footer","meta":{"_tutorstarter_page_metadata":[],"footnotes":""},"class_list":["post-127","page","type-page","status-publish","hentry"],"_links":{"self":[{"href":"https:\/\/cursos.sendaanalitica.com.br\/new\/wp-json\/wp\/v2\/pages\/127","targetHints":{"allow":["GET"]}}],"collection":[{"href":"https:\/\/cursos.sendaanalitica.com.br\/new\/wp-json\/wp\/v2\/pages"}],"about":[{"href":"https:\/\/cursos.sendaanalitica.com.br\/new\/wp-json\/wp\/v2\/types\/page"}],"author":[{"embeddable":true,"href":"https:\/\/cursos.sendaanalitica.com.br\/new\/wp-json\/wp\/v2\/users\/21"}],"replies":[{"embeddable":true,"href":"https:\/\/cursos.sendaanalitica.com.br\/new\/wp-json\/wp\/v2\/comments?post=127"}],"version-history":[{"count":7,"href":"https:\/\/cursos.sendaanalitica.com.br\/new\/wp-json\/wp\/v2\/pages\/127\/revisions"}],"predecessor-version":[{"id":626,"href":"https:\/\/cursos.sendaanalitica.com.br\/new\/wp-json\/wp\/v2\/pages\/127\/revisions\/626"}],"wp:attachment":[{"href":"https:\/\/cursos.sendaanalitica.com.br\/new\/wp-json\/wp\/v2\/media?parent=127"}],"curies":[{"name":"wp","href":"https:\/\/api.w.org\/{rel}","templated":true}]}}